{"id":175,"date":"2022-08-29T10:55:20","date_gmt":"2022-08-29T10:55:20","guid":{"rendered":"https:\/\/cane.com.pl\/?page_id=175"},"modified":"2022-08-30T12:34:47","modified_gmt":"2022-08-30T12:34:47","slug":"karton-transportowy","status":"publish","type":"page","link":"https:\/\/cane.com.pl\/index.php\/karton-transportowy\/","title":{"rendered":"Karton transportowy"},"content":{"rendered":"\t\t<div data-elementor-type=\"wp-page\" data-elementor-id=\"175\" class=\"elementor elementor-175\">\n\t\t\t\t\t\t\t\t\t<section class=\"elementor-section elementor-top-section elementor-element elementor-element-48884962 elementor-section-boxed elementor-section-height-default elementor-section-height-default\" data-id=\"48884962\" data-element_type=\"section\">\n\t\t\t\t\t\t<div class=\"elementor-container elementor-column-gap-default\">\n\t\t\t\t\t<div class=\"elementor-column elementor-col-100 elementor-top-column elementor-element elementor-element-58bc32c5\" data-id=\"58bc32c5\" data-element_type=\"column\">\n\t\t\t<div class=\"elementor-widget-wrap elementor-element-populated\">\n\t\t\t\t\t\t\t\t<div class=\"elementor-element elementor-element-257257c9 elementor-widget elementor-widget-text-editor\" data-id=\"257257c9\" data-element_type=\"widget\" data-widget_type=\"text-editor.default\">\n\t\t\t\t<div class=\"elementor-widget-container\">\n\t\t\t<style>\/*! elementor - v3.8.0 - 30-10-2022 *\/\n.elementor-widget-text-editor.elementor-drop-cap-view-stacked .elementor-drop-cap{background-color:#818a91;color:#fff}.elementor-widget-text-editor.elementor-drop-cap-view-framed .elementor-drop-cap{color:#818a91;border:3px solid;background-color:transparent}.elementor-widget-text-editor:not(.elementor-drop-cap-view-default) .elementor-drop-cap{margin-top:8px}.elementor-widget-text-editor:not(.elementor-drop-cap-view-default) .elementor-drop-cap-letter{width:1em;height:1em}.elementor-widget-text-editor .elementor-drop-cap{float:left;text-align:center;line-height:1;font-size:50px}.elementor-widget-text-editor .elementor-drop-cap-letter{display:inline-block}<\/style>\t\t\t\t<!-- wp:jetpack\/slideshow {\"ids\":[null,null,null,null],\"sizeSlug\":\"large\"} \/-->\t\t\t\t\t\t<\/div>\n\t\t\t\t<\/div>\n\t\t\t\t\t<\/div>\n\t\t<\/div>\n\t\t\t\t\t\t\t<\/div>\n\t\t<\/section>\n\t\t\t\t<section class=\"elementor-section elementor-top-section elementor-element elementor-element-9beee94 elementor-section-boxed elementor-section-height-default elementor-section-height-default\" data-id=\"9beee94\" data-element_type=\"section\">\n\t\t\t\t\t\t<div class=\"elementor-container elementor-column-gap-default\">\n\t\t\t\t\t<div class=\"elementor-column elementor-col-50 elementor-top-column elementor-element elementor-element-fce256c\" data-id=\"fce256c\" data-element_type=\"column\">\n\t\t\t<div class=\"elementor-widget-wrap elementor-element-populated\">\n\t\t\t\t\t\t\t\t<div class=\"elementor-element elementor-element-812248d elementor-widget elementor-widget-image\" data-id=\"812248d\" data-element_type=\"widget\" data-widget_type=\"image.default\">\n\t\t\t\t<div class=\"elementor-widget-container\">\n\t\t\t<style>\/*! elementor - v3.8.0 - 30-10-2022 *\/\n.elementor-widget-image{text-align:center}.elementor-widget-image a{display:inline-block}.elementor-widget-image a img[src$=\".svg\"]{width:48px}.elementor-widget-image img{vertical-align:middle;display:inline-block}<\/style>\t\t\t\t\t\t\t\t\t\t\t\t<img loading=\"lazy\" decoding=\"async\" width=\"250\" height=\"250\" src=\"https:\/\/cane.com.pl\/wp-content\/uploads\/2022\/08\/duplex-corrugated-chick-box-250x250-1.jpg\" class=\"attachment-large size-large\" alt=\"\" srcset=\"https:\/\/cane.com.pl\/wp-content\/uploads\/2022\/08\/duplex-corrugated-chick-box-250x250-1.jpg 250w, https:\/\/cane.com.pl\/wp-content\/uploads\/2022\/08\/duplex-corrugated-chick-box-250x250-1-150x150.jpg 150w, https:\/\/cane.com.pl\/wp-content\/uploads\/2022\/08\/duplex-corrugated-chick-box-250x250-1-75x75.jpg 75w\" sizes=\"auto, (max-width: 250px) 100vw, 250px\" \/>\t\t\t\t\t\t\t\t\t\t\t\t\t\t\t<\/div>\n\t\t\t\t<\/div>\n\t\t\t\t\t<\/div>\n\t\t<\/div>\n\t\t\t\t<div class=\"elementor-column elementor-col-50 elementor-top-column elementor-element elementor-element-da8984e\" data-id=\"da8984e\" data-element_type=\"column\">\n\t\t\t<div class=\"elementor-widget-wrap elementor-element-populated\">\n\t\t\t\t\t\t\t\t<div class=\"elementor-element elementor-element-1935f3a elementor-widget elementor-widget-text-editor\" data-id=\"1935f3a\" data-element_type=\"widget\" data-widget_type=\"text-editor.default\">\n\t\t\t\t<div class=\"elementor-widget-container\">\n\t\t\t\t\t\t\t<p>Oferowane przez nas kartonowe pojemniki s\u0142u\u017c\u0105 do bezpiecznego przenoszenia i przewozu piskl\u0105t.<br \/>Konstrukcj\u0119 kartonu transportowego cechuje du\u017ca sztywno\u015b\u0107 i wytrzyma\u0142o\u015b\u0107 przy niewielkiej wadze, a jego sk\u0142adanie przebiega szybko i sprawnie.<\/p>\t\t\t\t\t\t<\/div>\n\t\t\t\t<\/div>\n\t\t\t\t\t<\/div>\n\t\t<\/div>\n\t\t\t\t\t\t\t<\/div>\n\t\t<\/section>\n\t\t\t\t<section class=\"elementor-section elementor-top-section elementor-element elementor-element-4566123 elementor-section-boxed elementor-section-height-default elementor-section-height-default\" data-id=\"4566123\" data-element_type=\"section\">\n\t\t\t\t\t\t<div class=\"elementor-container elementor-column-gap-default\">\n\t\t\t\t\t<div class=\"elementor-column elementor-col-100 elementor-top-column elementor-element elementor-element-52298c1\" data-id=\"52298c1\" data-element_type=\"column\">\n\t\t\t<div class=\"elementor-widget-wrap elementor-element-populated\">\n\t\t\t\t\t\t\t\t<div class=\"elementor-element elementor-element-e0a61b9 elementor-widget elementor-widget-text-editor\" data-id=\"e0a61b9\" data-element_type=\"widget\" data-widget_type=\"text-editor.default\">\n\t\t\t\t<div class=\"elementor-widget-container\">\n\t\t\t\t\t\t\t<p>Z\u0142o\u017cenie polega na zagi\u0119ciu bocznych \u015bcianek wzd\u0142u\u017c<br \/>linii za\u0142ama\u0144 i wsuni\u0119ciu monta\u017cowych skrzyde\u0142ek w wyci\u0119te szczeliny, nast\u0119pnie zamocowanie do bok\u00f3w tworzonego pude\u0142ka krzy\u017ca separuj\u0105cego i na zako\u0144czenie przykrycie go wiekiem. Wszystkie po\u0142\u0105czenia element\u00f3w kartonu transportowego dla piskl\u0105t s\u0105 bezklejowe. Przegrody separuj\u0105ce dziel\u0105 karton na cztery boksy w kt\u00f3rych mo\u017cna umie\u015bci\u0107 jednorazowo do 116 piskl\u0105t. Oferujemy r\u00f3wnie\u017c wy\u015bcielenie dna boks\u00f3w izoluj\u0105cymi termicznie i ch\u0142onnymi wk\u0142adkami. S\u0105 one wykonane z papieru<br \/>podk\u0142adowego lub zaprasowanej struktury papierowej przypominaj\u0105cej plaster miodu. Mi\u0119kkie wk\u0142adki zast\u0119puj\u0105 wy\u015bci\u00f3\u0142k\u0119 i chroni\u0105 piskl\u0119ta przed urazami n\u00f3g oraz u\u0142atwiaj\u0105 utrzymanie czysto\u015bci. Zalet\u0105 transportera jest dobra wentylacja boks\u00f3w dzi\u0119ki pod\u0142u\u017cnym otworom wyci\u0119tych w \u015bciankach<br \/>bocznych oraz w wieku. Do d\u0142u\u017cszego transportu mo\u017cna w kartonach instalowa\u0107 poide\u0142ka oraz karmide\u0142ka. Karton transportowy dla piskl\u0105t jak i wy\u015bci\u00f3\u0142ka po zu\u017cyciu s\u0105 stosunkowo \u0142atwe do utylizacji. Wymiary wewn\u0119trzne kartonu s\u0105 standardowe i wynosz\u0105: d\u0142ug. 600 x szer. 500 x wys. 160 mm. Gramatura 5-warstwowej tektury z kt\u00f3rej wykonane s\u0105 \u015bcianki boczne i podstawa &#8211; 490 g\/m 2 fala EB. Gramatura tektury 3-warstwowej separatora du\u017cego i ma\u0142ego oraz wieka &#8211; 320 g\/m 2 fala B.<br \/>Tekturowe kartony mo\u017cna zamawia\u0107 w kolorze zewn\u0119trznym: naturalnym lub bia\u0142ym\u00a0Kartony transportowe dla piskl\u0105t dostarczane s\u0105 w pakietach po 5 szt. lub w ilo\u015bciach paletowych<\/p>\t\t\t\t\t\t<\/div>\n\t\t\t\t<\/div>\n\t\t\t\t\t<\/div>\n\t\t<\/div>\n\t\t\t\t\t\t\t<\/div>\n\t\t<\/section>\n\t\t\t\t\t\t\t<\/div>\n\t\t","protected":false},"excerpt":{"rendered":"<p>Oferowane przez nas kartonowe pojemniki s\u0142u\u017c\u0105 do bezpiecznego przenoszenia i przewozu piskl\u0105t.Konstrukcj\u0119 kartonu transportowego cechuje du\u017ca sztywno\u015b\u0107 i wytrzyma\u0142o\u015b\u0107 przy niewielkiej wadze, a jego sk\u0142adanie przebiega szybko i sprawnie. Z\u0142o\u017cenie polega na zagi\u0119ciu bocznych \u015bcianek wzd\u0142u\u017clinii za\u0142ama\u0144 i wsuni\u0119ciu monta\u017cowych skrzyde\u0142ek w wyci\u0119te szczeliny, nast\u0119pnie zamocowanie do bok\u00f3w tworzonego pude\u0142ka krzy\u017ca separuj\u0105cego i na zako\u0144czenie przykrycie go wiekiem. Wszystkie po\u0142\u0105czenia element\u00f3w kartonu transportowego dla piskl\u0105t s\u0105 bezklejowe. Przegrody separuj\u0105ce dziel\u0105 karton na cztery boksy w kt\u00f3rych mo\u017cna umie\u015bci\u0107 jednorazowo do 116 piskl\u0105t. Oferujemy r\u00f3wnie\u017c wy\u015bcielenie dna boks\u00f3w izoluj\u0105cymi termicznie i ch\u0142onnymi wk\u0142adkami. S\u0105 one wykonane z papierupodk\u0142adowego lub zaprasowanej struktury papierowej przypominaj\u0105cej plaster miodu. Mi\u0119kkie wk\u0142adki zast\u0119puj\u0105 wy\u015bci\u00f3\u0142k\u0119 i chroni\u0105 piskl\u0119ta przed urazami n\u00f3g oraz u\u0142atwiaj\u0105 utrzymanie czysto\u015bci. Zalet\u0105 transportera jest dobra wentylacja boks\u00f3w dzi\u0119ki pod\u0142u\u017cnym otworom wyci\u0119tych w \u015bciankachbocznych oraz w wieku. Do d\u0142u\u017cszego transportu mo\u017cna w kartonach instalowa\u0107 poide\u0142ka oraz karmide\u0142ka. Karton transportowy dla piskl\u0105t jak i wy\u015bci\u00f3\u0142ka po zu\u017cyciu s\u0105 stosunkowo \u0142atwe do utylizacji. Wymiary wewn\u0119trzne kartonu s\u0105 standardowe i wynosz\u0105: d\u0142ug. 600 x szer. 500 x wys. 160 mm. Gramatura 5-warstwowej tektury z kt\u00f3rej wykonane s\u0105 \u015bcianki boczne i podstawa &#8211; 490 g\/m 2 fala EB. Gramatura tektury 3-warstwowej separatora du\u017cego i ma\u0142ego oraz wieka &#8211; 320 g\/m 2 fala B.Tekturowe kartony mo\u017cna zamawia\u0107 w kolorze zewn\u0119trznym: naturalnym lub bia\u0142ym\u00a0Kartony transportowe dla piskl\u0105t dostarczane s\u0105 w pakietach po 5 szt. lub w ilo\u015bciach paletowych<\/p>\n","protected":false},"author":1,"featured_media":0,"parent":0,"menu_order":0,"comment_status":"closed","ping_status":"closed","template":"","meta":{"om_disable_all_campaigns":false,"_monsterinsights_skip_tracking":false,"_monsterinsights_sitenote_active":false,"_monsterinsights_sitenote_note":"","_monsterinsights_sitenote_category":0,"footnotes":""},"class_list":["post-175","page","type-page","status-publish","hentry"],"aioseo_notices":[],"yoast_head":"<!-- This site is optimized with the Yoast SEO plugin v19.10 - https:\/\/yoast.com\/wordpress\/plugins\/seo\/ -->\n<title>Karton transportowy - cane<\/title>\n<meta name=\"robots\" content=\"index, follow, max-snippet:-1, max-image-preview:large, max-video-preview:-1\" \/>\n<link rel=\"canonical\" href=\"https:\/\/cane.com.pl\/index.php\/karton-transportowy\/\" \/>\n<meta property=\"og:locale\" content=\"pl_PL\" \/>\n<meta property=\"og:type\" content=\"article\" \/>\n<meta property=\"og:title\" content=\"Karton transportowy - cane\" \/>\n<meta property=\"og:description\" content=\"Oferowane przez nas kartonowe pojemniki s\u0142u\u017c\u0105 do bezpiecznego przenoszenia i przewozu piskl\u0105t.Konstrukcj\u0119 kartonu transportowego cechuje du\u017ca sztywno\u015b\u0107 i wytrzyma\u0142o\u015b\u0107 przy niewielkiej wadze, a jego sk\u0142adanie przebiega szybko i sprawnie. Z\u0142o\u017cenie polega na zagi\u0119ciu bocznych \u015bcianek wzd\u0142u\u017clinii za\u0142ama\u0144 i wsuni\u0119ciu monta\u017cowych skrzyde\u0142ek w wyci\u0119te szczeliny, nast\u0119pnie zamocowanie do bok\u00f3w tworzonego pude\u0142ka krzy\u017ca separuj\u0105cego i na zako\u0144czenie przykrycie go wiekiem. Wszystkie po\u0142\u0105czenia element\u00f3w kartonu transportowego dla piskl\u0105t s\u0105 bezklejowe. Przegrody separuj\u0105ce dziel\u0105 karton na cztery boksy w kt\u00f3rych mo\u017cna umie\u015bci\u0107 jednorazowo do 116 piskl\u0105t. Oferujemy r\u00f3wnie\u017c wy\u015bcielenie dna boks\u00f3w izoluj\u0105cymi termicznie i ch\u0142onnymi wk\u0142adkami. S\u0105 one wykonane z papierupodk\u0142adowego lub zaprasowanej struktury papierowej przypominaj\u0105cej plaster miodu. Mi\u0119kkie wk\u0142adki zast\u0119puj\u0105 wy\u015bci\u00f3\u0142k\u0119 i chroni\u0105 piskl\u0119ta przed urazami n\u00f3g oraz u\u0142atwiaj\u0105 utrzymanie czysto\u015bci. Zalet\u0105 transportera jest dobra wentylacja boks\u00f3w dzi\u0119ki pod\u0142u\u017cnym otworom wyci\u0119tych w \u015bciankachbocznych oraz w wieku. Do d\u0142u\u017cszego transportu mo\u017cna w kartonach instalowa\u0107 poide\u0142ka oraz karmide\u0142ka. Karton transportowy dla piskl\u0105t jak i wy\u015bci\u00f3\u0142ka po zu\u017cyciu s\u0105 stosunkowo \u0142atwe do utylizacji. Wymiary wewn\u0119trzne kartonu s\u0105 standardowe i wynosz\u0105: d\u0142ug. 600 x szer. 500 x wys. 160 mm. Gramatura 5-warstwowej tektury z kt\u00f3rej wykonane s\u0105 \u015bcianki boczne i podstawa &#8211; 490 g\/m 2 fala EB. Gramatura tektury 3-warstwowej separatora du\u017cego i ma\u0142ego oraz wieka &#8211; 320 g\/m 2 fala B.Tekturowe kartony mo\u017cna zamawia\u0107 w kolorze zewn\u0119trznym: naturalnym lub bia\u0142ym\u00a0Kartony transportowe dla piskl\u0105t dostarczane s\u0105 w pakietach po 5 szt. lub w ilo\u015bciach paletowych\" \/>\n<meta property=\"og:url\" content=\"https:\/\/cane.com.pl\/index.php\/karton-transportowy\/\" \/>\n<meta property=\"og:site_name\" content=\"cane\" \/>\n<meta property=\"article:modified_time\" content=\"2022-08-30T12:34:47+00:00\" \/>\n<meta property=\"og:image\" content=\"https:\/\/cane.com.pl\/wp-content\/uploads\/2022\/08\/duplex-corrugated-chick-box-250x250-1.jpg\" \/>\n<meta name=\"twitter:card\" content=\"summary_large_image\" \/>\n<meta name=\"twitter:label1\" content=\"Szacowany czas czytania\" \/>\n\t<meta name=\"twitter:data1\" content=\"2 minuty\" \/>\n<script type=\"application\/ld+json\" class=\"yoast-schema-graph\">{\"@context\":\"https:\/\/schema.org\",\"@graph\":[{\"@type\":\"WebPage\",\"@id\":\"https:\/\/cane.com.pl\/index.php\/karton-transportowy\/\",\"url\":\"https:\/\/cane.com.pl\/index.php\/karton-transportowy\/\",\"name\":\"Karton transportowy - cane\",\"isPartOf\":{\"@id\":\"https:\/\/cane.com.pl\/#website\"},\"datePublished\":\"2022-08-29T10:55:20+00:00\",\"dateModified\":\"2022-08-30T12:34:47+00:00\",\"breadcrumb\":{\"@id\":\"https:\/\/cane.com.pl\/index.php\/karton-transportowy\/#breadcrumb\"},\"inLanguage\":\"pl-PL\",\"potentialAction\":[{\"@type\":\"ReadAction\",\"target\":[\"https:\/\/cane.com.pl\/index.php\/karton-transportowy\/\"]}]},{\"@type\":\"BreadcrumbList\",\"@id\":\"https:\/\/cane.com.pl\/index.php\/karton-transportowy\/#breadcrumb\",\"itemListElement\":[{\"@type\":\"ListItem\",\"position\":1,\"name\":\"Home\",\"item\":\"https:\/\/cane.com.pl\/\"},{\"@type\":\"ListItem\",\"position\":2,\"name\":\"Karton transportowy\"}]},{\"@type\":\"WebSite\",\"@id\":\"https:\/\/cane.com.pl\/#website\",\"url\":\"https:\/\/cane.com.pl\/\",\"name\":\"cane\",\"description\":\"\",\"publisher\":{\"@id\":\"https:\/\/cane.com.pl\/#organization\"},\"potentialAction\":[{\"@type\":\"SearchAction\",\"target\":{\"@type\":\"EntryPoint\",\"urlTemplate\":\"https:\/\/cane.com.pl\/?s={search_term_string}\"},\"query-input\":\"required name=search_term_string\"}],\"inLanguage\":\"pl-PL\"},{\"@type\":\"Organization\",\"@id\":\"https:\/\/cane.com.pl\/#organization\",\"name\":\"cane\",\"url\":\"https:\/\/cane.com.pl\/\",\"logo\":{\"@type\":\"ImageObject\",\"inLanguage\":\"pl-PL\",\"@id\":\"https:\/\/cane.com.pl\/#\/schema\/logo\/image\/\",\"url\":\"https:\/\/cane.com.pl\/wp-content\/uploads\/2022\/08\/cropped-logo-firmy-2.png\",\"contentUrl\":\"https:\/\/cane.com.pl\/wp-content\/uploads\/2022\/08\/cropped-logo-firmy-2.png\",\"width\":735,\"height\":829,\"caption\":\"cane\"},\"image\":{\"@id\":\"https:\/\/cane.com.pl\/#\/schema\/logo\/image\/\"}}]}<\/script>\n<!-- \/ Yoast SEO plugin. -->","yoast_head_json":{"title":"Karton transportowy - cane","robots":{"index":"index","follow":"follow","max-snippet":"max-snippet:-1","max-image-preview":"max-image-preview:large","max-video-preview":"max-video-preview:-1"},"canonical":"https:\/\/cane.com.pl\/index.php\/karton-transportowy\/","og_locale":"pl_PL","og_type":"article","og_title":"Karton transportowy - cane","og_description":"Oferowane przez nas kartonowe pojemniki s\u0142u\u017c\u0105 do bezpiecznego przenoszenia i przewozu piskl\u0105t.Konstrukcj\u0119 kartonu transportowego cechuje du\u017ca sztywno\u015b\u0107 i wytrzyma\u0142o\u015b\u0107 przy niewielkiej wadze, a jego sk\u0142adanie przebiega szybko i sprawnie. Z\u0142o\u017cenie polega na zagi\u0119ciu bocznych \u015bcianek wzd\u0142u\u017clinii za\u0142ama\u0144 i wsuni\u0119ciu monta\u017cowych skrzyde\u0142ek w wyci\u0119te szczeliny, nast\u0119pnie zamocowanie do bok\u00f3w tworzonego pude\u0142ka krzy\u017ca separuj\u0105cego i na zako\u0144czenie przykrycie go wiekiem. Wszystkie po\u0142\u0105czenia element\u00f3w kartonu transportowego dla piskl\u0105t s\u0105 bezklejowe. Przegrody separuj\u0105ce dziel\u0105 karton na cztery boksy w kt\u00f3rych mo\u017cna umie\u015bci\u0107 jednorazowo do 116 piskl\u0105t. Oferujemy r\u00f3wnie\u017c wy\u015bcielenie dna boks\u00f3w izoluj\u0105cymi termicznie i ch\u0142onnymi wk\u0142adkami. S\u0105 one wykonane z papierupodk\u0142adowego lub zaprasowanej struktury papierowej przypominaj\u0105cej plaster miodu. Mi\u0119kkie wk\u0142adki zast\u0119puj\u0105 wy\u015bci\u00f3\u0142k\u0119 i chroni\u0105 piskl\u0119ta przed urazami n\u00f3g oraz u\u0142atwiaj\u0105 utrzymanie czysto\u015bci. Zalet\u0105 transportera jest dobra wentylacja boks\u00f3w dzi\u0119ki pod\u0142u\u017cnym otworom wyci\u0119tych w \u015bciankachbocznych oraz w wieku. Do d\u0142u\u017cszego transportu mo\u017cna w kartonach instalowa\u0107 poide\u0142ka oraz karmide\u0142ka. Karton transportowy dla piskl\u0105t jak i wy\u015bci\u00f3\u0142ka po zu\u017cyciu s\u0105 stosunkowo \u0142atwe do utylizacji. Wymiary wewn\u0119trzne kartonu s\u0105 standardowe i wynosz\u0105: d\u0142ug. 600 x szer. 500 x wys. 160 mm. Gramatura 5-warstwowej tektury z kt\u00f3rej wykonane s\u0105 \u015bcianki boczne i podstawa &#8211; 490 g\/m 2 fala EB. Gramatura tektury 3-warstwowej separatora du\u017cego i ma\u0142ego oraz wieka &#8211; 320 g\/m 2 fala B.Tekturowe kartony mo\u017cna zamawia\u0107 w kolorze zewn\u0119trznym: naturalnym lub bia\u0142ym\u00a0Kartony transportowe dla piskl\u0105t dostarczane s\u0105 w pakietach po 5 szt. lub w ilo\u015bciach paletowych","og_url":"https:\/\/cane.com.pl\/index.php\/karton-transportowy\/","og_site_name":"cane","article_modified_time":"2022-08-30T12:34:47+00:00","og_image":[{"url":"https:\/\/cane.com.pl\/wp-content\/uploads\/2022\/08\/duplex-corrugated-chick-box-250x250-1.jpg"}],"twitter_card":"summary_large_image","twitter_misc":{"Szacowany czas czytania":"2 minuty"},"schema":{"@context":"https:\/\/schema.org","@graph":[{"@type":"WebPage","@id":"https:\/\/cane.com.pl\/index.php\/karton-transportowy\/","url":"https:\/\/cane.com.pl\/index.php\/karton-transportowy\/","name":"Karton transportowy - cane","isPartOf":{"@id":"https:\/\/cane.com.pl\/#website"},"datePublished":"2022-08-29T10:55:20+00:00","dateModified":"2022-08-30T12:34:47+00:00","breadcrumb":{"@id":"https:\/\/cane.com.pl\/index.php\/karton-transportowy\/#breadcrumb"},"inLanguage":"pl-PL","potentialAction":[{"@type":"ReadAction","target":["https:\/\/cane.com.pl\/index.php\/karton-transportowy\/"]}]},{"@type":"BreadcrumbList","@id":"https:\/\/cane.com.pl\/index.php\/karton-transportowy\/#breadcrumb","itemListElement":[{"@type":"ListItem","position":1,"name":"Home","item":"https:\/\/cane.com.pl\/"},{"@type":"ListItem","position":2,"name":"Karton transportowy"}]},{"@type":"WebSite","@id":"https:\/\/cane.com.pl\/#website","url":"https:\/\/cane.com.pl\/","name":"cane","description":"","publisher":{"@id":"https:\/\/cane.com.pl\/#organization"},"potentialAction":[{"@type":"SearchAction","target":{"@type":"EntryPoint","urlTemplate":"https:\/\/cane.com.pl\/?s={search_term_string}"},"query-input":"required name=search_term_string"}],"inLanguage":"pl-PL"},{"@type":"Organization","@id":"https:\/\/cane.com.pl\/#organization","name":"cane","url":"https:\/\/cane.com.pl\/","logo":{"@type":"ImageObject","inLanguage":"pl-PL","@id":"https:\/\/cane.com.pl\/#\/schema\/logo\/image\/","url":"https:\/\/cane.com.pl\/wp-content\/uploads\/2022\/08\/cropped-logo-firmy-2.png","contentUrl":"https:\/\/cane.com.pl\/wp-content\/uploads\/2022\/08\/cropped-logo-firmy-2.png","width":735,"height":829,"caption":"cane"},"image":{"@id":"https:\/\/cane.com.pl\/#\/schema\/logo\/image\/"}}]}},"_links":{"self":[{"href":"https:\/\/cane.com.pl\/index.php\/wp-json\/wp\/v2\/pages\/175","targetHints":{"allow":["GET"]}}],"collection":[{"href":"https:\/\/cane.com.pl\/index.php\/wp-json\/wp\/v2\/pages"}],"about":[{"href":"https:\/\/cane.com.pl\/index.php\/wp-json\/wp\/v2\/types\/page"}],"author":[{"embeddable":true,"href":"https:\/\/cane.com.pl\/index.php\/wp-json\/wp\/v2\/users\/1"}],"replies":[{"embeddable":true,"href":"https:\/\/cane.com.pl\/index.php\/wp-json\/wp\/v2\/comments?post=175"}],"version-history":[{"count":8,"href":"https:\/\/cane.com.pl\/index.php\/wp-json\/wp\/v2\/pages\/175\/revisions"}],"predecessor-version":[{"id":312,"href":"https:\/\/cane.com.pl\/index.php\/wp-json\/wp\/v2\/pages\/175\/revisions\/312"}],"wp:attachment":[{"href":"https:\/\/cane.com.pl\/index.php\/wp-json\/wp\/v2\/media?parent=175"}],"curies":[{"name":"wp","href":"https:\/\/api.w.org\/{rel}","templated":true}]}}